36080)/176*(2 + 74/(-5)). What is the highest common divisor of y and 1476?
164
Let k = 501 - 293. Suppose 188 + k = 4*u. Suppose 108 = -3*c + 141. What is the greatest common factor of u and c?
11
Suppose 5*l = d - 14, 2*d - 961*l = -960*l + 46. What is the highest common divisor of d and 11028?
12
Suppose 3*q + 4*h = 86, 0 = 3*q + 19*h - 20*h - 91. Suppose 13*o = q*o - 3315. Calculate the highest common divisor of 78 and o.
39
Suppose -71*y + 39*y = -992. Calculate the highest common factor of 3 and y.
1
Let j(u) = -916*u**3 + 437*u**3 + 22*u**2 + 47*u + 447*u**3. Let n be j(-2). What is the highest common divisor of n and 10?
10
Let x = 1 - 5. Let n be (x + 2 - -4) + 0. Suppose -3*l = n*q - 35 + 13, -2*l + 3*q + 6 = 0. What is the greatest common divisor of l and 6?
6
Let p be (-6)/45 + 146/(-30) + -1. Let z be 2*(8 + p) + 191. What is the highest common factor of z and 30?
15
Suppose 19*y - 13*y = 24. Suppose -y + 84 = 2*v. Let t be (-16)/v + 82/5. Calculate the greatest common factor of 80 and t.
16
Let n(p) = 383*p**2 + 2*p - 1. Let l be n(1). Let o = 6314 + -6266. What is the highest common factor of l and o?
48
Let n(h) = 16*h**2 - 287*h - 2163. Let u be n(-7). Calculate the highest common divisor of u and 2065.
35
Suppose -3*d + 8 = -4*u, 5*d - 21 = -5*u + 4. Suppose -d*i + 28 = 3*i. Let a be 10/(-5) - (i - 21). What is the highest common divisor of 10 and a?
5
Suppose -520*m - 176*m + 17571216 = 0. What is the greatest common divisor of m and 78?
26
Suppose 5*d = 15, 4*d = 5*z - 7 - 181. Let x be ((-30)/25)/((-6)/z). Let v be 40*((-55)/(-36) - x/(-36)). What is the greatest common divisor of 42 and v?
14
Suppose -7972 = -3*w + c, -18*w + 20*w = -5*c + 5360. What is the greatest common divisor of 2240 and w?
140
Suppose -13*n = -17*n + 20. Suppose -4*o - 2*b + 472 = 0, -3*o + n*b = -503 + 162. What is the highest common divisor of o and 39?
39
Let x = 632 + -763. Let m = x - -151. Let d(s) = 4*s**2 - 7*s - 2. Let t be d(6). What is the greatest common divisor of m and t?
20
Let q = -34 - -38. Suppose -a - 4*l + 44 = -2*a, -q*a = 5*l + 176. Let y be (-1)/(4/a) + -3. What is the greatest common factor of y and 64?
8
Let g be 27 + 15 + (0 - -2). Suppose 7 = -m + 18. What is the greatest common divisor of g and m?
11
Let c(i) be the first derivative of 4*i**3/3 - 5*i**2/2 - 9*i - 10. Let m be c(-8). What is the greatest common divisor of 7 and m?
7
Let j = -3050 - -3185. What is the greatest common factor of 60 and j?
15
Suppose -27*x - 10 = -17*x. Let b be (1 - -7) + 3 - x. Calculate the highest common factor of 516 and b.
12
Let o = 1391 + -1389. Let k(m) = 12*m**2 - m - 1. Let y be k(2). Let n be (4*o/(-24))/((-1)/y). Calculate the highest common divisor of n and 30.
15
Let c(d) = -d**3 - 4*d**2 - 3*d - 14. Let z be c(-6). Suppose 5*h - 35 = -4*n + z, 0 = -5*n + h + 117. Calculate the highest common divisor of 120 and n.
24
Let a = 2296 - 2285. Calculate the greatest common factor of 4829 and a.
11
Let x = 3077 + -3059. What is the highest common divisor of x and 909?
9
Let g(z) = 531*z**2 - 5*z - 4. Let f be g(-1). Suppose -9 = -q - 8, 4*p - f = -4*q. What is the greatest common factor of p and 88?
44
Suppose -4*b + 1461 = 4*c + c, -c = 4*b - 1473. Suppose 17958 = 2204*q - 1766*q. What is the highest common divisor of b and q?
41
Let d be (-5 - -9)*(-1)/(-6)*9360/40. Calculate the greatest common factor of d and 204.
12
Suppose -4*g + 7*g - 303 = 0. Let y = 103 + g. Suppose 126 = 5*o - y. What is the greatest common divisor of 44 and o?
22
Let a(h) be the third derivative of 0*h - 19/24*h**4 - 1/60*h**5 + 19*h**2 + 0 - 2/3*h**3. Let x be a(-16). Calculate the highest common factor of x and 11.
11
Let y = -16 + 7. Let i = y - -22. Let b = 621 + -478. Calculate the highest common factor of b and i.
13
Let b = 1056 + 2244. What is the greatest common factor of b and 24?
12
Suppose 2*s + 2*o - 102 = s, -5*o + 87 = s. Suppose 33 = 6*t - t + 4*m, 4*m - 23 = -3*t. Suppose -t*y = -13 - 127. What is the highest common factor of s and y?
28
Suppose 0 = -4*d + 24, 31*d = -3*f + 29*d + 45. Calculate the greatest common divisor of 297 and f.
11
Let w(u) = 780*u**3 - 108*u**2 + 223*u. Let h be w(2). Calculate the greatest common divisor of 53 and h.
53
Let q(k) = -k + 11. Let c be q(8). Suppose -414 = -c*v - 2*o, 3*o = 4*o + 3. What is the highest common divisor of 35 and v?
35
Let l = 48 + -135. Let p = l + 123. Suppose d = t - 8, -d + p = 2*t + 2*d. Calculate the highest common divisor of t and 24.
12
Let t be (-2)/6 - 5/(-15). Suppose 3*v + 71 = -2*r + 4*v, -3*r - 4*v - 123 = t. Let j = r + 63. What is the highest common divisor of 26 and j?
26
Let m(s) = -s**2 - 17*s + 950. Let p be m(-20). Calculate the greatest common factor of 267 and p.
89
Let k(y) = -2*y**3 + 31*y**2 + 10*y - 47. Let w be k(17). Let d = w - -786. What is the greatest common factor of 6 and d?
6
Suppose 50 - 10 = 4*p. Suppose 6*z - 69 = -z + 281. Suppose -p = -b + 3*j - 3, 4*b - j = z. What is the greatest common divisor of 1 and b?
1
Let y be 18/27*(-42)/(-4). Let z(r) = r + 7. Let k be z(y). Suppose k = 3*s - 4. Calculate the greatest common divisor of s and 66.
6
Let v = -25 - -32. Let o(i) = -2*i + 16. Let s be o(v). Suppose -s*h - 94 = -514. What is the highest common divisor of h and 30?
30
Let n(a) = 3*a**3 - 73*a**2 - 79*a - 46. Let d be n(26). Calculate the highest common factor of 1440 and d.
160
Let v(b) = -b**3 - b**2 + 2. Let w be v(0). Let g = 135 + -96. Suppose 9*s - g = -4*s. What is the highest common factor of w and s?
1
Let r(s) = 47*s - 279. Let h be r(6). Calculate the highest common factor of 21 and h.
3
Let l be 1/3 - (-84)/18. Suppose 11*j + 237 = 952. What is the highest common factor of l and j?
5
Let p(s) = -50*s - 9. Let l(g) = -g**2 - 9*g + 5. Let a be l(-9). Let d be p(a). Let j = d + 499. What is the highest common divisor of 96 and j?
48
Suppose 69*z + 22438 - 133603 = 28284. What is the highest common factor of z and 129?
43
Let o = -297 - -794. Calculate the greatest common factor of o and 213.
71
Let l be (26/(-6))/(3/(-414)). Let i = 2244 + -2218. What is the highest common factor of l and i?
26
Let k = 16725 + -9237. Calculate the greatest common divisor of k and 1344.
192
Suppose -1325 = -2*d - y, 3*d + 21*y - 2026 = 25*y. Calculate the highest common divisor of d and 90.
18
Let o(j) = -23*j**2 + 45*j**2 + 20 - 21*j**2 + 8*j. Let k be o(-5). Suppose -5*s - 2 + 27 = 0. What is the highest common divisor of s and k?
5
Let p(g) = 13*g - 61. Let l be p(11). Suppose 8 + l = k. What is the greatest common divisor of 120 and k?
30
Let m = -5 - -85. Let g be (10/(-4))/((-2)/m). Let a be (77 + -47)/(3 + (-6)/4). What is the greatest common divisor of g and a?
20
Suppose -2*f - 4*l + 78 = 0, -l - 212 + 6 = -5*f. What is the greatest common divisor of 16441 and f?
41
Suppose -v + 198 = -5*u, 0 = -4*v - u - 194 + 1028. Suppose 4*l = -5*b + 220, -12*b + 15*b - 5*l - 169 = 0. What is the highest common factor of v and b?
16
Suppose 6*s - s = 75. Let c(a) = a**3 - 15*a**2 + 23*a + 3. Let o be c(s). Suppose 11*w + 40 - o = 0. What is the greatest common divisor of 8 and w?
4
Let g(c) = -c**3 + 41*c**2 + 44*c - 49. Let a be g(42). Calculate the greatest common divisor of a and 35.
35
Suppose 575 = 18*y - 2899. Suppose -v = 3*i - y, 5*i + 31 = v - 202. What is the highest common factor of 26 and v?
26
Let n(z) = -12*z**3 - 9*z**2 - 5*z - 17. Let v be n(-3). Calculate the greatest common factor of 4 and v.
1
Let l(u) = -26*u - 80. Let s = 35 - 39. Let o be l(s). Let b = -6 - -198. Calculate the highest common divisor of o and b.
24
Let t(d) = -96*d**2 + 1481*d - 7. Let v be t(10). Calculate the greatest common divisor of v and 129.
43
Suppose -197*v - 840 = -218*v. What is the greatest common divisor of 15 and v?
5
Let l = 267 - 206. Suppose l - 21 = 2*w. Let k be (-4)/5*(-20)/2. What is the greatest common factor of k and w?
4
Suppose -6*u - 23 = -149. Let b = u - 16. Suppose 0 = -b*j + t + 106, 6*j + 3*t - 60 = 3*j. What is the highest common factor of 105 and j?
21
Suppose 3*g - 4*y - 1039 - 779 = 0, 0 = -2*g + y + 1197. Calculate the greatest common divisor of 9108 and g.
198
Suppose 5*w = 3*o - 1058, -o - 4*w + 142 + 205 = 0. Let x = -5833 - -58